{"id":39,"date":"2024-09-13T22:53:00","date_gmt":"2024-09-13T20:53:00","guid":{"rendered":"https:\/\/lierneuxenmieux.be\/?page_id=39"},"modified":"2024-09-13T23:50:35","modified_gmt":"2024-09-13T21:50:35","slug":"agenda","status":"publish","type":"page","link":"https:\/\/lierneuxenmieux.be\/index.php\/agenda\/","title":{"rendered":"Agenda"},"content":{"rendered":"\n<blockquote class=\"wp-block-quote is-layout-flow wp-block-quote-is-layout-flow\">\n<p class=\"has-text-align-center has-vivid-cyan-blue-color has-text-color has-link-color has-large-font-size wp-elements-0f0b9d263f1a28eadbd67fe20aea694e\">Venez \u00e0 notre rencontre, ensemble nous ferons <\/p>\n\n\n\n<p class=\"has-text-align-center has-vivid-cyan-blue-color has-text-color has-link-color has-large-font-size wp-elements-a44d18825abe0b64b89ec3babad1ce5b\">Lierneux en (encore) Mieux !<\/p>\n<\/blockquote>\n\n\n\n<p><strong>Dans les prochains jours nous partirons \u00e0 votre rencontre \u00e0 l&#8217;occasion de r\u00e9unions d&#8217;information organis\u00e9es dans diff\u00e9rents villages de notre commune.<\/strong><\/p>\n\n\n\n<p><br>Voici l&#8217;agenda :<\/p>\n\n\n\n<figure class=\"wp-block-table is-style-stripes has-medium-font-size\"><table class=\"has-fixed-layout\"><thead><tr><th>VILLAGE<\/th><th>DATE et LIEU<\/th><\/tr><\/thead><tbody><tr><td>ODRIMONT<\/td><td>Lundi 23\/09 \u00e0 20h00  &#8211; Salle &#8220;Les 4 pr\u00e9s&#8221;<\/td><\/tr><tr><td>VERLEUMONT<\/td><td>Mercredi 25\/09 \u00e0 20h00 &#8211; Maison de village<\/td><\/tr><tr><td>BRA<\/td><td>Jeudi 26\/09 \u00e0 20h00 &#8211; Salle &#8220;Les Sapini\u00e8res<\/td><\/tr><tr><td>SART<\/td><td>Lundi 30\/09 \u00e0 20h00 &#8211; Maison du Tailleur<\/td><\/tr><tr><td>JEVIGNE<\/td><td>Mardi 01\/10 \u00e0 20h00 &#8211; Salle &#8220;Le Concorde&#8221;<\/td><\/tr><tr><td>ARBREFONTAINE<\/td><td>Mercredi 02\/10 \u00e0 20h00 &#8211; Salle &#8220;L&#8217;Aurore des Fontaines&#8221;<\/td><\/tr><tr><td>LIERNEUX<\/td><td>Jeudi 03\/10 \u00e0 20h00 &#8211; &#8220;A B\u00e2s-Mont&#8221;<\/td><\/tr><tr><td>LES VILLETTES<\/td><td>Lundi 07\/10 \u00e0 20h00 &#8211; Salle &#8220;Cercle St-Pierre&#8221;<\/td><\/tr><tr><td>TROU-DE-BRA<\/td><td>Mardi 08\/10 \u00e0 20h00 &#8211; Chez P Ansia<\/td><\/tr><\/tbody><\/table><\/figure>\n\n\n\n<p><\/p>\n","protected":false},"excerpt":{"rendered":"<p>Venez \u00e0 notre rencontre, ensemble nous ferons Lierneux en (encore) Mieux ! Dans les prochains jours nous partirons \u00e0 votre rencontre \u00e0 l&#8217;occasion de r\u00e9unions d&#8217;information organis\u00e9es dans diff\u00e9rents villages de notre commune. Voici l&#8217;agenda : VILLAGE DATE et LIEU<\/p>\n","protected":false},"author":1,"featured_media":0,"parent":0,"menu_order":0,"comment_status":"closed","ping_status":"closed","template":"","meta":{"footnotes":""},"class_list":["post-39","page","type-page","status-publish","hentry"],"_links":{"self":[{"href":"https:\/\/lierneuxenmieux.be\/index.php\/wp-json\/wp\/v2\/pages\/39","targetHints":{"allow":["GET"]}}],"collection":[{"href":"https:\/\/lierneuxenmieux.be\/index.php\/wp-json\/wp\/v2\/pages"}],"about":[{"href":"https:\/\/lierneuxenmieux.be\/index.php\/wp-json\/wp\/v2\/types\/page"}],"author":[{"embeddable":true,"href":"https:\/\/lierneuxenmieux.be\/index.php\/wp-json\/wp\/v2\/users\/1"}],"replies":[{"embeddable":true,"href":"https:\/\/lierneuxenmieux.be\/index.php\/wp-json\/wp\/v2\/comments?post=39"}],"version-history":[{"count":9,"href":"https:\/\/lierneuxenmieux.be\/index.php\/wp-json\/wp\/v2\/pages\/39\/revisions"}],"predecessor-version":[{"id":91,"href":"https:\/\/lierneuxenmieux.be\/index.php\/wp-json\/wp\/v2\/pages\/39\/revisions\/91"}],"wp:attachment":[{"href":"https:\/\/lierneuxenmieux.be\/index.php\/wp-json\/wp\/v2\/media?parent=39"}],"curies":[{"name":"wp","href":"https:\/\/api.w.org\/{rel}","templated":true}]}}