{"id":7,"date":"2024-09-13T22:43:42","date_gmt":"2024-09-13T20:43:42","guid":{"rendered":"https:\/\/lierneuxenmieux.be\/?page_id=7"},"modified":"2024-09-13T23:35:32","modified_gmt":"2024-09-13T21:35:32","slug":"a-propos-de","status":"publish","type":"page","link":"https:\/\/lierneuxenmieux.be\/","title":{"rendered":"\u00c0 propos de"},"content":{"rendered":"\n<p><a href=\"https:\/\/lierneuxenmieux.be\/\" target=\"_blank\" rel=\"noreferrer noopener\"><\/a><\/p>\n\n\n\n<blockquote class=\"wp-block-quote has-x-large-font-size is-layout-flow wp-block-quote-is-layout-flow\">\n<p class=\"has-text-align-center has-vivid-cyan-blue-color has-text-color has-link-color has-large-font-size wp-elements-d844c4cf48183fd2390fba2321c466c7\">Ensemble, faisons Lierneux en (encore) Mieux !<\/p>\n<\/blockquote>\n\n\n\n<p><em><strong>Ch\u00e8res Lierneusiennes, chers Lierneusiens,<\/strong><\/em><\/p>\n\n\n\n<p>M\u00eame si nous sommes actuellement tr\u00e8s occup\u00e9s \u00e0 g\u00e9rer notre commune et \u00e0 mener \u00e0 bien plusieurs projets importants, nous avons \u00e9videmment d\u00e9j\u00e0 commenc\u00e9 \u00e0 \u00e9laborer notre programme pour les \u00e9lections communales de 2024.<\/p>\n\n\n\n<p>Ces derni\u00e8res semaines, nous avons organis\u00e9 plusieurs r\u00e9unions et nous sommes ravis d&#8217;accueillir des personnes enthousiastes, cr\u00e9atives et engag\u00e9es pour leur commune. Ces nouveaux visages rejoignent une \u00e9quipe solide, compos\u00e9e de membres ayant d\u00e9j\u00e0 plusieurs ann\u00e9es d&#8217;exp\u00e9rience dans la gestion politique\ufe0f. Leur \u00e9nergie et leurs id\u00e9es viennent enrichir notre univers et renforcer notre vision pour Lierneux.<\/p>\n\n\n\n<p>Ensemble, nous souhaitons \u00e9laborer un programme concret et sans esbrouffe, ancr\u00e9 dans la r\u00e9alit\u00e9 du terrain et en phase avec les attentes r\u00e9elles des citoyens\ufe0f.<\/p>\n\n\n\n<p>Dans les prochains jours, nous allons commencer \u00e0 vous pr\u00e9senter, un par un, les membres de notre groupe. Vous d\u00e9couvrirez de nouveaux visages et en retrouverez d\u2019autres bien plus familiers, tous d\u00e9termin\u00e9s \u00e0 travailler ensemble pour faire Lierneux en (encore) Mieux !<\/p>\n\n\n\n<p>Nous sommes \u00e9galement tr\u00e8s fiers de notre bilan et nous le partagerons avec vous via diff\u00e9rents canaux au cours des prochaines semaines. Ce bilan t\u00e9moigne de notre engagement et des r\u00e9alisations concr\u00e8tes pour notre commune.<\/p>\n\n\n\n<p>D\u2019avance, merci \u00e0 tous pour votre soutien ! Restons d\u00e9termin\u00e9s et motiv\u00e9s pour construire ensemble un avenir meilleur.<\/p>\n\n\n\n<p><em>L\u2019\u00c9quipe \u201cLierneux en Mieux\u201d<\/em><\/p>\n\n\n\n<p><\/p>\n","protected":false},"excerpt":{"rendered":"<p>Ensemble, faisons Lierneux en (encore) Mieux ! Ch\u00e8res Lierneusiennes, chers Lierneusiens, M\u00eame si nous sommes actuellement tr\u00e8s occup\u00e9s \u00e0 g\u00e9rer notre commune et \u00e0 mener \u00e0 bien plusieurs projets importants, nous avons \u00e9videmment d\u00e9j\u00e0 commenc\u00e9 \u00e0 \u00e9laborer notre programme pour<\/p>\n","protected":false},"author":1,"featured_media":0,"parent":0,"menu_order":0,"comment_status":"closed","ping_status":"closed","template":"","meta":{"footnotes":""},"class_list":["post-7","page","type-page","status-publish","hentry"],"_links":{"self":[{"href":"https:\/\/lierneuxenmieux.be\/index.php\/wp-json\/wp\/v2\/pages\/7","targetHints":{"allow":["GET"]}}],"collection":[{"href":"https:\/\/lierneuxenmieux.be\/index.php\/wp-json\/wp\/v2\/pages"}],"about":[{"href":"https:\/\/lierneuxenmieux.be\/index.php\/wp-json\/wp\/v2\/types\/page"}],"author":[{"embeddable":true,"href":"https:\/\/lierneuxenmieux.be\/index.php\/wp-json\/wp\/v2\/users\/1"}],"replies":[{"embeddable":true,"href":"https:\/\/lierneuxenmieux.be\/index.php\/wp-json\/wp\/v2\/comments?post=7"}],"version-history":[{"count":6,"href":"https:\/\/lierneuxenmieux.be\/index.php\/wp-json\/wp\/v2\/pages\/7\/revisions"}],"predecessor-version":[{"id":81,"href":"https:\/\/lierneuxenmieux.be\/index.php\/wp-json\/wp\/v2\/pages\/7\/revisions\/81"}],"wp:attachment":[{"href":"https:\/\/lierneuxenmieux.be\/index.php\/wp-json\/wp\/v2\/media?parent=7"}],"curies":[{"name":"wp","href":"https:\/\/api.w.org\/{rel}","templated":true}]}}